t z = -29 + 44. Calculate the remainder when 88 is divided by z.
13
Let j = -275 - -490. What is the remainder when j is divided by 54?
53
Suppose -5*a - 3*g = 11, 8*g + 9 = a + 3*g. Let u(h) = -3*h + 1. Let z be u(a). What is the remainder when z/18 - (-187)/9 is divided by 11?
10
Let l(a) = -2*a - 7. Let p(r) be the third derivative of -r**6/30 - r**5/15 - r**4/8 - r**3/3 - 3*r**2. Calculate the remainder when p(-2) is divided by l(-7).
6
Let d = -1 - -8. What is the remainder when 54 is divided by (-11 + 7)/((-2)/d)?
12
Suppose 2*l - 135 + 48 = -i, 0 = -4*i + 3*l + 381. Let h = -64 + i. Calculate the remainder when h is divided by 8.
5
Suppose 0*t + 20 = 4*t + 4*s, -18 = -5*t + 2*s. Calculate the remainder when 31 is divided by t.
3
Let l be (-1)/(-2)*8/(-2). Let b = l - -4. Suppose -b*n = 2*n - 128. Calculate the remainder when n is divided by 17.
15
Let b = 84 + -37. What is the remainder when b is divided by 12?
11
What is the remainder when 45 is divided by 1*46*(-3 + (-7)/(-2))?
22
Suppose 166 = 4*f + 2*t - 70, 0 = 5*f + t - 295. Calculate the remainder when f is divided by (2*-1)/(-2) + 19.
19
Let i(h) = -h**2 - 10*h + 8. What is the remainder when i(-7) is divided by 8?
5
Let j(d) = -d**2 - 5*d + 7. Calculate the remainder when 28 is divided by j(-4).
6
Suppose -2*d = -2*w - 12, -4*d + 4 = -8. Let q = w + 19. Calculate the remainder when 30 is divided by q*1 - (0 + 0).
14
Suppose 0 = 3*i - 5*i + 18. Suppose 5*w - 3*u + 35 = 117, -33 = -2*w + u. Calculate the remainder when w is divided by i.
8
Let j = 348 - 334. Let f = -3 + 8. Let v = 13 - f. What is the remainder when j is divided by v?
6
Suppose -u = i + 25, 4*i - 107 = 5*u - 0*i. Let f = u + 36. Calculate the remainder when 49 is divided by f.
10
Let f = -14 + 7. Suppose -5*k = 77 - 2. Let m = f - k. Calculate the remainder when 23 is divided by m.
7
Let h be -1*(-39)/(-6)*-2. Let m = 23 - h. Calculate the remainder when 38 is divided by m.
8
What is the remainder when 11 is divided by ((-8)/(-20))/(-3 - (-93)/30)?
3
Suppose a - 8 = -f, -f - 4*a + 14 = -0. Let b = 6 - 6. What is the remainder when 6 is divided by (3 - f)*(-1 - b)?
0
Suppose -54 = -2*g - 0. Calculate the remainder when g is divided by 10.
7
Let w be (-1)/3 + (-219)/(-9). Suppose 8 = j - 3*j, 4*z + 5*j - w = 0. What is the remainder when 31 is divided by z?
9
Let r(a) = -15*a - 4. Let o be r(-3). Suppose -5*w = -o + 1. What is the remainder when 29 is divided by w?
5
What is the remainder when 326/8 - (-1 - 6/(-8)) is divided by (-6 + 3)/(1/(-7))?
20
What is the remainder when 4 is divided by 0 - (-3 + (0 - 1))?
0
What is the remainder when 40 is divided by (12/(-3))/((-2)/7)?
12
Let o = 7 + 5. Calculate the remainder when 21 is divided by o.
9
Let l = -10 + 22. Let p(s) = -2*s**3 + 4*s**2. Let y be p(3). Calculate the remainder when 206/6 - l/y is divided by 18.
17
What is the remainder when 45/(-20)*(-104)/3 is divided by 20?
18
Suppose -2*m - 3 = -1, 2*l - 24 = -2*m. Calculate the remainder when 24 is divided by l.
11
Let a be 9/(-6)*(-30)/(-3). Calculate the remainder when 3 is divided by 18/5 + 9/a.
0
Suppose 3*p + 23 = -2*b - 11, 0 = -2*b + 4*p - 20. Let y be (-1 + -1 - 29)/1. Let i = b - y. Calculate the remainder when 50 is divided by i.
16
Suppose -212 = 4*g + 2*h, -g - 25 = h + 29. Let n = -3 - g. What is the remainder when n is divided by 13?
10
Suppose 0 = -q - 0*q. Suppose 0 = 2*m - s - 21, q = 3*m - m + s - 31. Calculate the remainder when 35 + (-2)/(-3)*3 is divided by m.
11
Let m(h) = -h**3 + 3*h**2 + 3*h + 4. Let j be m(4). Suppose 5*l + 0*l + 5*k - 35 = j, 4*l + k - 43 = 0. Calculate the remainder when 21 is divided by l.
9
Let d(u) = -u**3 - 2*u**2 - 4*u - 2. Let z be d(-2). Suppose 4 = 2*w - z. What is the remainder when 9 is divided by w?
4
Suppose h + 5*i - 3 + 1 = 0, -h - 3*i + 2 = 0. Let m = -13 - -24. Calculate the remainder when h*(-2 + 1) - -22 is divided by m.
9
Let q(g) be the second derivative of g**4/3 - g**3/3 - g**2/2 - 9*g. What is the remainder when q(2) is divided by 7?
4
Let y = 13 + 42. Suppose 0 = 3*c - 2*c - 19. Calculate the remainder when y is divided by c.
17
Let g = 38 + -26. Let f = 1 - -2. Suppose f*c - 62 = 7. Calculate the remainder when c is divided by g.
11
Let b(g) = -2 - 4 + 5 - 8*g. What is the remainder when b(-3) is divided by 11 - (4 - (4 + 1))?
11
Let n(o) = o**2 + 6*o. Let j be n(-5). Let t be (-70)/4*4/j. Suppose -p = p - t. Calculate the remainder when p is divided by 4.
3
Suppose -147 = -4*a + 57. Suppose a = 2*w + z - 46, 3*z = 9. What is the remainder when w is divided by 12?
11
Let v(w) = w**3 + 7*w**2 + 7*w + 8. Calculate the remainder when 204 is divided by v(-5).
20
Let r(g) = g + 4. Let t be r(-4). Suppose -u - 3*j + 95 = t, 5*j - 269 = -0*u - 3*u. What is the remainder when u is divided by 21?
20
Let i(z) = -z**3 - 3*z**2 + 5*z + 3. Let h be 18/30 + 236/(-10). Let d = h + 33. Calculate the remainder when i(-5) is divided by d.
8
Let d = -21 - -40. Let u(s) = s**3 - s**2 - s + 3. Let v be u(0). Suppose -2*t = 3*t + 15, 93 = v*m + 5*t. What is the remainder when m is divided by d?
17
Suppose 2*z + 11*a + 5 = 6*a, 5*z = 3*a + 34. Calculate the remainder when z is divided by 4.
1
Let q(f) = 3*f**2 + f**3 + 3 - 2*f**3 - 7*f + 4*f**2. Suppose 0 = -4*p - 0*p + 140. What is the remainder when p is divided by q(5)?
17
Let h = 3 + 14. What is the remainder when 59 is divided by h?
8
Let a(h) = -h**2 + h + 7. Let m be a(0). Let u(i) = i**3 + 4*i**2 - i + 1. Let l be u(-4). Let d = m - l. Calculate the remainder when d is divided by 1.
0
Let g(r) = r**2 + 3*r - 1. Let a = -7 + 18. What is the remainder when a is divided by g(-4)?
2
What is the remainder when (-57)/(-5) - 24/(-40) is divided by 5?
2
Let h = 6 - 3. Suppose -30 - 22 = -4*g - h*c, 4*g + 2*c = 52. Let p(i) = -i**2 + 32*i - 196. Calculate the remainder when p(22) is divided by g.
11
Let m be 5 - (1 + -4 + 5). Suppose -2*a + 2*l = -0*l - 26, a - m = 3*l. Calculate the remainder when 70 is divided by a.
16
Let f(j) = j**3 - j**2 - 2*j - 1. Let n be f(-1). Let w = n + 3. Calculate the remainder when 5*((-2)/8)/(50/(-80)) is divided by w.
0
Suppose 5*f - 4*p = 25, -7 = 4*p + 13. Let v be f/2 - (-146)/4. Let m = v + -16. What is the remainder when m is divided by 8?
5
Let g = -10 + 20. Calculate the remainder when 39 is divided by g.
9
Let u = -50 + 53. Calculate the remainder when 10 is divided by u.
1
Let z(k) = k**2 + 13*k + 13. Let j(h) = 5*h**2 + 65*h + 66. Let r(g) = 2*j(g) - 11*z(g). What is the remainder when r(-11) is divided by 7?
4
Let x be (-3)/(-1) + -3 + 155. Suppose -3*b = 3*m - 102, x = 5*m + 4*b - 2*b. What is the remainder when m is divided by 15?
14
Suppose 4 = -2*f - 4. Let k(h) = -7*h - 2. Calculate the remainder when 101 is divided by k(f).
23
Let y be (-8)/(-3) + 3/9. Suppose -4*k - 47 = y*l + 2*l, 4*l - 3*k = -19. Let w = -5 - l. What is the remainder when 3 is divided by w?
1
Suppose 3*i - 32 = f, -i + 0*i + 2*f = -9. Let b = 9 - i. What is the remainder when 2 is divided by b/(-2) + 0/2?
0
Let z = 1 - -2. Let x = -12 - -19. What is the remainder when x is divided by z?
1
Let l = 92 + -82. Calculate the remainder when l is divided by 4.
2
Suppose 47 = -4*a + 207. What is the remainder when a is divided by 21?
19
Let b = 8 - -18. Suppose 5*h - 20 = h. Suppose 4 = d - h. What is the remainder when b is divided by d?
8
Suppose 3*x = -18 - 0. Let m be (-34)/(-2) + 0 + 0. Let h = x + m. What is the remainder when 31 is divided by h?
9
Let o be (2/(-3))/(2/(-9)). Let q = 1 - 1. Calculate the remainder when o*(q - (-56)/6) is divided by 10.
8
Suppose 0 = -f - f. Let o be -2 - -1 - (f - -1). Calculate the remainder when 20 is divided by 2 - (10 - 0)/o.
6
Let y be -8 + (-2 - -3) - 1. Let o(v) = -v + 8. Calculate the remainder when 47 is divided by o(y).
15
Suppose 2*g + 42 = 5*g. What is the remainder when 26 is divided by g?
12
Let k be (31 - (3 + -5)) + -1. Suppose -h - 2 = -k. Let l(g) = -g**3 + 7*g**2 - 2*g - 8. Calculate the remainder when h is divided by l(6).
14
Let y = -14 + 21. Suppose 0 = -p - y - 0. Calculate the remainder when (6 + p)/((-1)/2) is divided by 2.
0
Suppose -k - 5*i + 25 = 0, -3*i = -4*k + 2 + 6. Suppose 17 = 3*d - 7. What is the remainder when d is divided 